{"id":41,"date":"2020-11-26T19:56:58","date_gmt":"2020-11-26T19:56:58","guid":{"rendered":"http:\/\/ehbovessem.nl\/?page_id=41"},"modified":"2023-01-22T19:54:33","modified_gmt":"2023-01-22T18:54:33","slug":"lid-worden","status":"publish","type":"page","link":"https:\/\/ehbovessem.nl\/home\/lid-worden\/","title":{"rendered":"Lid worden?"},"content":{"rendered":"\n<h3 class=\"wp-block-heading\">Wat verwachten wij van de leden van onze vereniging?<\/h3>\n\n\n\n<p><strong>Ieder lid:<\/strong><\/p>\n\n\n\n<ul class=\"wp-block-list\">\n<li>is in bezit van een diploma eerste hulp of volgt de cursus eerste hulp;<\/li>\n\n\n\n<li>houdt zijn vaardigheden bij door het volgen van de lessen;<\/li>\n\n\n\n<li>helpt 2 \u00e0 3 keer per jaar bij een evenement binnen de kerkdorpen Vessem, Wintelre of Knegsel (indien u dit niet wenst kunt u commercieel lid worden);<\/li>\n\n\n\n<li>is bereid om zijn medemens, die eerste hulp nodig heeft, te helpen;<\/li>\n\n\n\n<li>is akkoord met de opname van persoonlijke gegevens zoals vermeld in het\u00a0<a rel=\"noreferrer noopener\" href=\"http:\/\/ehbovessem.nl\/wp-content\/uploads\/2020\/12\/AVG-privacyreglement-EHBO-Vessem.pdf\" target=\"_blank\">AVG-privacyreglement<\/a>.<\/li>\n<\/ul>\n\n\n\n<p><strong>Contributie per jaar:<\/strong><br>&nbsp;&nbsp;&nbsp;&nbsp;&nbsp;&nbsp; standaard lidmaatschap \u20ac 15<br>&nbsp;&nbsp;&nbsp;&nbsp;&nbsp;&nbsp; commercieel lidmaatschap \u20ac 100 (u hoeft dan niet deel te nemen aan hulpverlening bij evenementen)<\/p>\n\n\n\n<p><strong>Wat kunt u hier voor verwachten:<\/strong><\/p>\n\n\n\n<ul class=\"wp-block-list\">\n<li>4 oefenavonden per jaar, waar u onder begeleiding van een gediplomeerde instructeur en lotusslachtoffers uw vaardigheden kunt onderhouden en verbeteren;<\/li>\n\n\n\n<li>1 grote buitenoefening per jaar, waar zo waarheidsgetrouw als mogelijk verschillende ongevals- of hulpverleningssituaties nagespeeld worden;<\/li>\n\n\n\n<li>een teambuildingsavond om de onderlinge band te versterken.<\/li>\n<\/ul>\n\n\n\n<p>Bent u ge\u00efnteresseerd geraakt? Vul dan onderstaand formulier in. Binnen korte tijd zal \u00e9\u00e9n van de bestuursleden contact met u opnemen.<\/p>\n\n\n\n<div class=\"forminator-guttenberg\"><div class=\"forminator-ui forminator-custom-form forminator-custom-form-265 forminator-design--material  forminator_ajax\" data-forminator-render=\"0\" data-form=\"forminator-module-265\" data-uid=\"69fa0cf967f26\"><br\/><\/div><form\n\t\t\t\tid=\"forminator-module-265\"\n\t\t\t\tclass=\"forminator-ui forminator-custom-form forminator-custom-form-265 forminator-design--material  forminator_ajax\"\n\t\t\t\tmethod=\"post\"\n\t\t\t\tdata-forminator-render=\"0\"\n\t\t\t\tdata-form-id=\"265\"\n\t\t\t\t data-color-option=\"default\" data-design=\"material\" data-grid=\"open\" style=\"display: none;\"\n\t\t\t\tdata-uid=\"69fa0cf967f26\"\n\t\t\t><div role=\"alert\" aria-live=\"polite\" class=\"forminator-response-message forminator-error\" aria-hidden=\"true\"><\/div><div class=\"forminator-row\"><div id=\"name-1\" class=\"forminator-field-name forminator-col forminator-col-12 \"><div class=\"forminator-field\"><label for=\"forminator-field-name-1_69fa0cf967f26\" id=\"forminator-field-name-1_69fa0cf967f26-label\" class=\"forminator-label\">Naam van de aanvrager <span class=\"forminator-required\">*<\/span><\/label><input type=\"text\" name=\"name-1\" value=\"\" placeholder=\"\" id=\"forminator-field-name-1_69fa0cf967f26\" class=\"forminator-input forminator-name--field\" aria-required=\"true\" autocomplete=\"name\" \/><\/div><\/div><\/div><div class=\"forminator-row\"><div id=\"name-2\" class=\"forminator-field-name forminator-col forminator-col-12 \"><div class=\"forminator-field\"><label for=\"forminator-field-name-2_69fa0cf967f26\" id=\"forminator-field-name-2_69fa0cf967f26-label\" class=\"forminator-label\">Voornamen <span class=\"forminator-required\">*<\/span><\/label><input type=\"text\" name=\"name-2\" value=\"\" placeholder=\"\" id=\"forminator-field-name-2_69fa0cf967f26\" class=\"forminator-input forminator-name--field\" aria-required=\"true\" autocomplete=\"name\" \/><\/div><\/div><\/div><div class=\"forminator-row\"><div id=\"address-1\" class=\"forminator-field-address forminator-col forminator-col-12 \"><div class=\"forminator-row\"><div id=\"address-1-street_address\" class=\"forminator-col\"><div class=\"forminator-field\"><label for=\"forminator-field-address-1-street_address_69fa0cf967f26\" id=\"forminator-field-address-1-street_address_69fa0cf967f26-label\" class=\"forminator-label\">Adres, postcode woonplaats <span class=\"forminator-required\">*<\/span><\/label><input type=\"text\" name=\"address-1-street_address\" placeholder=\"\" id=\"forminator-field-address-1-street_address_69fa0cf967f26\" class=\"forminator-input\" data-required=\"1\" aria-required=\"true\" autocomplete=\"address-line1\" value=\"\" \/><\/div><\/div><\/div><\/div><\/div><div class=\"forminator-row\"><div id=\"email-1\" class=\"forminator-field-email forminator-col forminator-col-12 \"><div class=\"forminator-field\"><label for=\"forminator-field-email-1_69fa0cf967f26\" id=\"forminator-field-email-1_69fa0cf967f26-label\" class=\"forminator-label\">E-mailadres <span class=\"forminator-required\">*<\/span><\/label><input type=\"email\" name=\"email-1\" value=\"\" placeholder=\"\" id=\"forminator-field-email-1_69fa0cf967f26\" class=\"forminator-input forminator-email--field\" data-required=\"1\" aria-required=\"true\" autocomplete=\"email\" \/><\/div><\/div><\/div><div class=\"forminator-row\"><div id=\"phone-1\" class=\"forminator-field-phone forminator-col forminator-col-12 \"><div class=\"forminator-field\"><label for=\"forminator-field-phone-1_69fa0cf967f26\" id=\"forminator-field-phone-1_69fa0cf967f26-label\" class=\"forminator-label\">Telefoonnummer <span class=\"forminator-required\">*<\/span><\/label><input type=\"text\" name=\"phone-1\" value=\"\" placeholder=\"\" id=\"forminator-field-phone-1_69fa0cf967f26\" class=\"forminator-input forminator-field--phone\" data-required=\"1\" aria-required=\"true\" autocomplete=\"off\" data-national_mode=\"enabled\" data-country=\"NL\" data-validation=\"standard\" \/><\/div><\/div><\/div><div class=\"forminator-row\"><div id=\"name-3\" class=\"forminator-field-name forminator-col forminator-col-12 \"><div class=\"forminator-field\"><label for=\"forminator-field-name-3_69fa0cf967f26\" id=\"forminator-field-name-3_69fa0cf967f26-label\" class=\"forminator-label\">Geboortedatum <span class=\"forminator-required\">*<\/span><\/label><input type=\"text\" name=\"name-3\" value=\"\" placeholder=\"\" id=\"forminator-field-name-3_69fa0cf967f26\" class=\"forminator-input forminator-name--field\" aria-required=\"true\" autocomplete=\"name\" \/><\/div><\/div><\/div><div class=\"forminator-row\"><div id=\"name-4\" class=\"forminator-field-name forminator-col forminator-col-12 \"><div class=\"forminator-field\"><label for=\"forminator-field-name-4_69fa0cf967f26\" id=\"forminator-field-name-4_69fa0cf967f26-label\" class=\"forminator-label\">Evt. diplomanummer<\/label><input type=\"text\" name=\"name-4\" value=\"\" placeholder=\"\" id=\"forminator-field-name-4_69fa0cf967f26\" class=\"forminator-input forminator-name--field\" aria-required=\"false\" autocomplete=\"name\" \/><\/div><\/div><\/div><div class=\"forminator-row\"><div id=\"checkbox-1\" class=\"forminator-field-checkbox forminator-col forminator-col-12 \"><div role=\"group\" class=\"forminator-field required\" aria-labelledby=\"forminator-checkbox-group-forminator-field-checkbox-1-69fa0cf967f26-label\"><span id=\"forminator-checkbox-group-forminator-field-checkbox-1-69fa0cf967f26-label\" class=\"forminator-label\">Ik heb de toestemmingsverklaring AVG gelezen en ga akkoord met het opnemen van mijn gegevens in de ledenadministratie <span class=\"forminator-required\">*<\/span><\/span><label id=\"forminator-field-checkbox-1-1-69fa0cf967f26-label\" for=\"forminator-field-checkbox-1-1-69fa0cf967f26\" class=\"forminator-checkbox\" title=\"ja\"><input type=\"checkbox\" name=\"checkbox-1[]\" value=\"one\" id=\"forminator-field-checkbox-1-1-69fa0cf967f26\" aria-labelledby=\"forminator-field-checkbox-1-1-69fa0cf967f26-label\" data-calculation=\"0\"  \/><span class=\"forminator-checkbox-box\" aria-hidden=\"true\"><\/span><span class=\"forminator-checkbox-label\">ja<\/span><\/label><\/div><\/div><\/div><input type=\"hidden\" name=\"referer_url\" value=\"\" \/><div class=\"forminator-row forminator-row-last\"><div class=\"forminator-col\"><div class=\"forminator-field\"><button class=\"forminator-button forminator-button-submit\"><span>Bericht Verzenden<\/span><span aria-hidden=\"true\"><\/span><\/button><\/div><\/div><\/div><input type=\"hidden\" id=\"forminator_nonce\" name=\"forminator_nonce\" value=\"8c1f883189\" \/><input type=\"hidden\" name=\"_wp_http_referer\" value=\"\/home\/wp-json\/wp\/v2\/pages\/41\" \/><input type=\"hidden\" name=\"form_id\" value=\"265\"><input type=\"hidden\" name=\"page_id\" value=\"41\"><input type=\"hidden\" name=\"form_type\" value=\"default\"><input type=\"hidden\" name=\"current_url\" value=\"https:\/\/ehbovessem.nl\/home\/lid-worden\/\"><input type=\"hidden\" name=\"render_id\" value=\"0\"><input type=\"hidden\" name=\"action\" value=\"forminator_submit_form_custom-forms\"><\/form><\/div>\n","protected":false},"excerpt":{"rendered":"<p>Wat verwachten wij van de leden van onze vereniging? Ieder lid: Contributie per jaar:&nbsp;&nbsp;&nbsp;&nbsp;&nbsp;&nbsp; standaard lidmaatschap \u20ac 15&nbsp;&nbsp;&nbsp;&nbsp;&nbsp;&nbsp; commercieel lidmaatschap \u20ac 100 (u hoeft dan niet deel te nemen aan hulpverlening bij evenementen) Wat kunt u hier voor verwachten: Bent u ge\u00efnteresseerd geraakt? Vul dan onderstaand formulier in. Binnen korte tijd zal \u00e9\u00e9n van de [&hellip;]<\/p>\n","protected":false},"author":1,"featured_media":0,"parent":0,"menu_order":0,"comment_status":"closed","ping_status":"closed","template":"","meta":{"footnotes":""},"class_list":["post-41","page","type-page","status-publish","czr-hentry"],"jetpack_sharing_enabled":true,"_links":{"self":[{"href":"https:\/\/ehbovessem.nl\/home\/wp-json\/wp\/v2\/pages\/41","targetHints":{"allow":["GET"]}}],"collection":[{"href":"https:\/\/ehbovessem.nl\/home\/wp-json\/wp\/v2\/pages"}],"about":[{"href":"https:\/\/ehbovessem.nl\/home\/wp-json\/wp\/v2\/types\/page"}],"author":[{"embeddable":true,"href":"https:\/\/ehbovessem.nl\/home\/wp-json\/wp\/v2\/users\/1"}],"replies":[{"embeddable":true,"href":"https:\/\/ehbovessem.nl\/home\/wp-json\/wp\/v2\/comments?post=41"}],"version-history":[{"count":13,"href":"https:\/\/ehbovessem.nl\/home\/wp-json\/wp\/v2\/pages\/41\/revisions"}],"predecessor-version":[{"id":919,"href":"https:\/\/ehbovessem.nl\/home\/wp-json\/wp\/v2\/pages\/41\/revisions\/919"}],"wp:attachment":[{"href":"https:\/\/ehbovessem.nl\/home\/wp-json\/wp\/v2\/media?parent=41"}],"curies":[{"name":"wp","href":"https:\/\/api.w.org\/{rel}","templated":true}]}}